
Convert 10000000010001000010010 (base 2) to base 16.
402212
What is 10000010011000110000000 (base 2) in base 12?
1520628
33232021 (base 4) to base 5
4030033
b9935 (base 12) to base 14
653cd
Convert -112011002110 (base 3) to base 10.
-278544
a52ab (base 14) to base 2
1100001010001010111
Convert a67873 (base 13) to base 4.
32320123001
What is 1200111221012 (base 3) in base 10?
895892
Convert -3101302031 (base 4) to base 2.
-11010001110010001101
Convert -111010000211 (base 3) to base 16.
-3f028
Convert 2641412 (base 10) to base 5.
1134011122
Convert -12213525 (base 6) to base 13.
-108c35
What is -57700 (base 15) in base 10?
-278325
-120022020102 (base 3) to base 14
-7badc
What is -88024 (base 14) in base 7?
-2541044
Convert 5a3b661 (base 12) to base 4.
1002300203221
What is -21a01 (base 11) in base 8?
-76120
-535a7 (base 13) to base 8
-445552
Convert -409a22 (base 12) to base 13.
-295a2a
What is 1b7401 (base 14) in base 13?
28431b
Convert -36415242 (base 8) to base 12.
-281aaaa
What is -50a2b (base 16) in base 8?
-1205053
What is 120200123 (base 4) in base 5?
11203004
What is 1145614 (base 9) in base 15?
c3e6d
What is -505217 (base 9) in base 11?
-194770
What is -1ebec (base 16) in base 15?
-274a7
What is 15760346 (base 8) in base 15?
4c50be
Convert 26705022 (base 8) to base 7.
101664103
Convert -202432223 (base 5) to base 10.
-827188
Convert 43709 (base 11) to base 3.
10012222122
What is -8df (base 16) in base 2?
-100011011111
-10011011011111101 (base 2) to base 10
-79613
What is -4014652 (base 7) in base 12?
-1aa864
What is 3218912 (base 10) in base 15?
438b42
Convert 2041244403 (base 5) to base 13.
b577a8
Convert 21202131 (base 5) to base 10.
178416
What is 81353 (base 11) in base 14?
31476
What is -10c4420 (base 13) in base 2?
-10011110000011010010111
Convert 275443 (base 8) to base 9.
157123
-3333420220 (base 5) to base 3
-111210012210211
What is -2000003301 (base 5) in base 2?
-1110111001110010001101
Convert -11595 (base 10) to base 8.
-26513
What is 10001011111010101110001 (base 2) in base 13?
c46b13
Convert 1b9118 (base 12) to base 4.
1320101210
212311232 (base 5) to base 15
12bd97
Convert 17466701 (base 8) to base 16.
3e6dc1
What is -110101110111010111000 (base 2) in base 8?
-6567270
Convert 30043311 (base 5) to base 2.
111001111100010011
What is -24231340 (base 5) in base 16?
-37717
Convert -6e540 (base 16) to base 2.
-1101110010101000000
Convert -4ab9b (base 13) to base 16.
-21bd9
What is -1393b6 (base 15) in base 7?
-11003505
Convert 668462 (base 10) to base 2.
10100011001100101110
344121322 (base 5) to base 11
96a700
1664692 (base 11) to base 14
53a040
Convert -434204 (base 6) to base 9.
-54254
-2312122223 (base 4) to base 8
-2663253
What is -3816523 (base 11) in base 10?
-6626348
Convert -5443054 (base 6) to base 10.
-270250
-456340 (base 8) to base 2
-100101110011100000
Convert 690699 (base 10) to base 15.
d99b9
Convert -100303021323 (base 4) to base 15.
-5bec90
-22d0a7 (base 14) to base 5
-301011144
Convert -13031084 (base 9) to base 14.
-bc77a4
Convert 7724eb (base 15) to base 4.
111222030233
What is 2228cb (base 13) in base 12?
32a271
11264a8 (base 13) to base 6
304534312
What is 10413443 (base 5) in base 3?
11122212002
Convert 470117 (base 8) to base 2.
100111000001001111
Convert -12212202122 (base 3) to base 15.
-2445e
Convert 20338 (base 16) to base 5.
13210041
What is 1141067 (base 11) in base 4?
13212132010
Convert -20bba2 (base 13) to base 15.
-102b99
-1025a4 (base 11) to base 9
-270502
4590911 (base 10) to base 11
2656246
What is 1450001 (base 8) in base 13?
1163bb
-22213121 (base 8) to base 2
-10010010001011001010001
-100110010101101001100 (base 2) to base 3
-2100211021110
What is 3466611 (base 7) in base 2?
1101010101011001101
4569567 (base 11) to base 13
186a8c5
1420665 (base 7) to base 2
101110011001000100
764640 (base 10) to base 2
10111010101011100000
Convert -203122333 (base 4) to base 3.
-21101000121
1825681 (base 11) to base 10
3096721
10001110111011101011 (base 2) to base 12
242977
891017 (base 10) to base 16
d9889
What is -44140214 (base 5) in base 12?
-164378
What is 63ba09 (base 16) in base 11?
37643a6
3a65b6 (base 14) to base 10
2015236
Convert -3a1a4 (base 15) to base 7.
-1403200
Convert 112320120 (base 4) to base 7.
540144
What is 934210 (base 10) in base 11?
588982
-17212265 (base 10) to base 11
-9796914
Convert 7b2a3 (base 13) to base 8.
666465
Convert 10010010101011011011 (base 2) to base 13.
180600
Convert c934e0 (base 16) to base 3.
220210221011110
Convert 5cee71 (base 15) to base 10.
4454881
What is -5554354 (base 7) in base 14?
-13bd2b
Convert -205032103 (base 7) to base 11.
-6932314
What is -3077296 (base 11) in base 16?
-52ce92
What is -10220002211 (base 3) in base 14?
-1dccd
138259 (base 11) to base 16
34b78
2c696 (base 13) to base 7
501500
-2996b (base 13) to base 4
-103022221
What is 1346003 (base 7) in base 10?
179735
Convert -582659 (base 12) to base 7.
-15010503
What is -456701 (base 9) in base 6?
-5512131
-60b7 (base 14) to base 11
-11544
What is -3a8149 (base 12) in base 4?
-3230103021
-153532144 (base 6) to base 7
-36505513
Convert 101100101101011011111 (base 2) to base 15.
1de155
What is -100100001100010000 (base 2) in base 14?
-3c048
What is 1001101101010000100 (base 2) in base 9?
534286
10001100111111010110100 (base 2) to base 8
21477264
What is -280612a (base 11) in base 12?
-1754899
-1425504 (base 6) to base 5
-10102431
What is 974a61 (base 11) in base 13?
427523
What is 9a52a7 (base 13) in base 12?
1275897
Convert -366744 (base 10) to base 9.
-618063
d323d (base 14) to base 4
1330002313
2343616 (base 7) to base 4
1020123103
-30005122 (base 6) to base 12
-3467a2
3012003 (base 4) to base 16
3183
What is -1212241232 (base 5) in base 7?
-33150613
-51791 (base 11) to base 2
-10010011011011011
What is -10010101000111011101100 (base 2) in base 5?
-2222330002
What is -750351 (base 10) in base 14?
-157647
What is 19c6851 (base 13) in base 16?
8217d2
1236869 (base 10) to base 12
4b7945
43707 (base 11) to base 13
22b2a
What is 1011111111000100011 (base 2) in base 3?
201221201220
What is 43634 (base 8) in base 2?
100011110011100
What is 283203a (base 13) in base 9?
25827404
-2040124143 (base 5) to base 9
-7846710
-25962 (base 15) to base 9
-202842
What is 11310122311 (base 4) in base 8?
5643265
878387 (base 10) to base 5
211102022
What is 3233303221 (base 4) in base 8?
3576351
Convert 471131 (base 9) to base 12.
117901
-229349 (base 11) to base 9
-614008
What is -179335 (base 10) in base 12?
-87947
-110330332210 (base 4) to base 5
-2401231034
Convert -18516 (base 12) to base 11.
-2457a
What is 21223222320 (base 4) in base 13?
6ab399
What is -52281 (base 11) in base 6?
-1344434
Convert 5030b (base 13) to base 9.
237537
Convert c3917 (base 15) to base 8.
2272230
Convert 19c2f (base 16) to base 14.
2a651
What is 1183380 (base 9) in base 14?
12b33a
What is 13302311031 (base 4) in base 14?
3b287b
-112102002001 (base 3) to base 4
-1011033310
Convert -1431410 (base 7) to base 8.
-570162
Convert 1744557 (base 10) to base 11.
a91791
-53310055 (base 6) to base 10
-1564307
What is 1daaa3 (base 14) in base 10?
1066775
-1a528 (base 13) to base 5
-3121120
What is 21120222210 (base 3) in base 5?
14240224
Convert -2472630 (base 10) to base 5.
-1113111010
-105455315 (base 6) to base 16
-1dc7bf
Convert -11122212212022 (base 3) to base 8.
-11347313
202200010221 (base 3) to base 2
1100011010101101000
-c1c4 (base 14) to base 9
-50605
-212466 (base 12) to base 6
-15111010
What is 200200442 (base 5) in base 14?
16706a
What is 16313 (base 12) in base 9?
47246
-2e09e (base 15) to base 7
-1156244
Convert -3002257 (base 8) to base 11.
-498839
Convert 2030233 (base 4) to base 2.
10001100101111
Convert 20321423 (base 7) to base 8.
6375721
25604 (base 12) to base 8
143444
152a191 (base 12) to base 5
2044223044
2cc09 (base 13) to base 14
2324b
300220133 (base 4) to base 8
605037
Convert 210303321213 (base 4) to base 3.
200011020222210
203333210 (base 5) to base 8
3150175
What is -2323200303 (base 4) in base 8?
-2734063
Convert 7332 (base 15) to base 10.
24347
-2b58d2 (base 14) to base 10
-1513696
Convert -41321514 (base 7) to base 5.
-1341431033
Convert -612155 (base 9) to base 16.
-587cc
What is -1628340 (base 10) in 